**2 + 104*v + 371. Calculate h(-9).
2
Let b(c) = 57*c - 340. What is b(9)?
173
Let k(s) = -100*s + 1755. What is k(18)?
-45
Let l(c) = 3*c**2 - 2121*c - 4242. What is l(-2)?
12
Let k(h) = 2*h**2 - h + 124. Calculate k(17).
685
Let s(q) = -270*q + 9996. What is s(37)?
6
Let a(x) = -x**3 + 46*x**2 - 94*x + 186. Calculate a(44).
-78
Let v(b) = b**3 - 38*b**2 + 117*b - 131. Give v(35).
289
Let w(o) = -2*o**2 - 60*o + 86. Calculate w(-32).
-42
Let d(k) = -k**3 + 3*k**2 + 23*k - 33. What is d(6)?
-3
Let v(a) = 19*a**3 - a**2 - 21*a - 45. Determine v(-2).
-159
Let c(x) = -x + 60. What is c(-20)?
80
Let l(r) = 219*r + 3722. Determine l(-17).
-1
Let r(d) = 2*d**2 - 25*d + 15. Calculate r(13).
28
Let d(f) = -4*f**2 + 67*f - 90. Give d(15).
15
Let t(n) = -9*n**2 - 123*n - 3. Give t(-13).
75
Let d(m) = 9*m**2 + 86*m + 60. Give d(-8).
-52
Let u(w) = 314*w - 5274. Determine u(17).
64
Let k(w) = 101*w + 508. Determine k(-5).
3
Let w(c) = -22*c + 42. Give w(9).
-156
Let t(m) = -m**3 + 51*m**2 - 95*m + 1. Give t(49).
148
Let d(y) = 9*y + 71. Calculate d(-4).
35
Let v(j) = 694*j**3 + 9*j**2 + 3*j - 4. What is v(-1)?
-692
Let i(q) = 6*q + 188. What is i(-36)?
-28
Let k(r) = r**3 + 61*r**2 - 343*r - 871. Determine k(-66).
-13
Let i(z) = 3*z**2 + 264*z - 70. Determine i(-88).
-70
Let j(v) = -25*v - 89. What is j(-17)?
336
Let t(u) = -54*u + 494. Give t(9).
8
Let j(c) = c**3 + 4*c**2 - 79*c + 185. Calculate j(-12).
-19
Let p(j) = 48710*j - 779354. Give p(16).
6
Let i(m) = -678*m - 45403. What is i(-67)?
23
Let f(s) = -7509*s + 15010. Give f(2).
-8
Let s(o) = -o**2 + 14*o + 471. What is s(-16)?
-9
Let s(n) = -n**2 + 7*n + 274. What is s(0)?
274
Let r(y) = y**2 + 76*y - 231. Give r(-79).
6
Let r(q) = -q**2 - 139*q + 1679. Calculate r(-150).
29
Let y(q) = 2*q**3 - 50*q**2 - 442*q - 191. Calculate y(32).
1
Let q(p) = -2*p**3 - 50*p**2 + 8*p + 194. Determine q(-25).
-6
Let v(u) = 23*u**3 + 3*u**2 + 9*u + 8. What is v(-2)?
-182
Let k(y) = -155*y + 163. Give k(1).
8
Let o(t) = 333*t + 16. Calculate o(0).
16
Let p(l) = 14*l - 321. What is p(19)?
-55
Let w(y) = -11*y**2 - 106*y - 176. Calculate w(-7).
27
Let y(p) = -p**3 - 75*p**2 - 282*p + 147. Determine y(-71).
5
Let h(u) = -7*u**3 - 33*u**2 + 49*u + 9. Give h(-6).
39
Let r(t) = 1089*t + 1093. What is r(-1)?
4
Let j(n) = n**3 + 11*n**2 + 17*n - 6. Give j(-11).
-193
Let u(p) = 33*p - 104. Give u(5).
61
Let d(p) = -15*p + 1583. Calculate d(105).
8
Let c(w) = 3*w**2 - 844*w - 4293. Calculate c(-5).
2
Let g(z) = 2*z**2 + 123*z - 841. Determine g(8).
271
Let w(z) = -z**3 - z**2 + 52*z - 18. Calculate w(6).
42
Let d(w) = -w**2 + 17*w - 46. Give d(20).
-106
Let g(p) = 830*p - 9691. Determine g(12).
269
Let q(s) = 2*s**3 + 4*s**2 + 12*s + 23. Determine q(-2).
-1
Let s(o) = 113*o**2 - 1005*o - 13. What is s(9)?
95
Let u(q) = q**3 - 145*q**2 + 3534*q - 5. Calculate u(114).
-5
Let i(x) = x**3 - 60*x**2 - 61*x + 5. What is i(61)?
5
Let c(v) = v**3 - 18*v**2 - 92*v + 59. Give c(22).
-29
Let k(l) = -811*l + 9731. What is k(12)?
-1
Let t(z) = 2*z**3 - 121*z**2 + 62*z - 131. Determine t(60).
-11
Let x(f) = 65*f - 310. Give x(6).
80
Let b(r) = -r**3 - 5*r**2 + 36*r - 29. Determine b(-10).
111
Let t(s) = 49*s**2 - 198*s - 7. Calculate t(0).
-7
Let y(x) = x**2 - 55*x + 557. Calculate y(42).
11
Let q(x) = 122*x + 2. Give q(-1).
-120
Let t(g) = 2*g**2 + 118*g - 288. What is t(-63)?
216
Let y(f) = 19*f**3 - 12*f + 19. Determine y(2).
147
Let c(l) = l**2 + 73*l + 426. Calculate c(-6).
24
Let j(p) = -p**3 - 17*p**2 - 33*p - 33. Determine j(-14).
-159
Let k(d) = d**3 - 265*d**2 + 1803*d + 15. Determine k(7).
-6
Let o(z) = -9*z + 809. Calculate o(70).
179
Let c(x) = -x**2 + 2844*x - 48064. Give c(17).
-5
Let d(v) = -81*v - 1358. What is d(-22)?
424
Let v(u) = 3*u**2 - 38*u - 86. What is v(11)?
-141
Let n(p) = 50*p - 1956. Calculate n(40).
44
Let z(h) = h**3 - 8*h**2 - 52*h + 43. Calculate z(12).
-5
Let v(z) = -z**2 - 1406*z + 4223. Calculate v(3).
-4
Let s(q) = q**3 - 19*q**2 + 62*q - 487. Calculate s(17).
-11
Let f(s) = -7*s**2 - 8*s + 622. What is f(-10)?
2
Let x(l) = 5*l + 20. Determine x(-9).
-25
Let j(x) = -x**3 + 46*x**2 + 42*x + 152. Give j(47).
-83
Let r(v) = -4*v**2 - 184*v + 560. Give r(3).
-28
Let j(v) = 2*v**2 - 3*v - 977. What is j(-22)?
57
Let c(d) = 14*d**2 + 145*d - 101. Determine c(-11).
-2
Let v(c) = c**3 - 16*c**2 + 41*c - 7. Determine v(3).
-1
Let w(i) = 1452*i - 1499. What is w(1)?
-47
Let q(c) = 646*c - 1951. Determine q(3).
-13
Let l(g) = -g**3 - 3*g**2 - 4*g - 7. Give l(-5).
63
Let p(t) = 985*t - 2015. Give p(2).
-45
Let c(t) = -t + 107. What is c(42)?
65
Let u(q) = 35*q + 22. What is u(3)?
127
Let v(z) = -210*z**2 - 13016*z + 258. Give v(-62).
10
Let j(k) = -14*k + 220. What is j(14)?
24
Let q(s) = -31*s + 966. What is q(28)?
98
Let d(i) = 57*i + 10492. Determine d(-184).
4
Let p(n) = -n**2 - 43*n - 414. Give p(-28).
6
Let q(d) = -38*d**2 + 131*d - 44. What is q(3)?
7
Let v(r) = -r**2 - 9*r + 3. What is v(-4)?
23
Let f(m) = 17*m + 177. Calculate f(-13).
-44
Let q(x) = x**2 - 16*x - 219. Calculate q(25).
6
Let x(o) = -o**3 - 4*o**2 + 22*o - 5. What is x(-7)?
-12
Let v(z) = -z**2 + 62*z - 985. Give v(34).
-33
Let v(y) = -y**3 + 164*y**2 - 359*y + 31945. Calculate v(163).
-3
Let x(w) = 775*w - 16284. Calculate x(21).
-9
Let c(w) = -18*w + 174. Calculate c(9).
12
Let s(g) = -g**2 - 15*g - 145. Determine s(-14).
-131
Let t(o) = o**3 + 17*o**2 + 65*o - 15. Calculate t(-4).
-67
Let l(f) = 2*f**2 + 531*f + 1580. Give l(-3).
5
Let j(g) = 6*g**2 + 216*g - 2. Determine j(-36).
-2
Let j(v) = -149*v + 3729. Give j(25).
4
Let k(p) = p**3 - 27*p**2 + 185*p - 910. What is k(20)?
-10
Let t(y) = -17*y + 828. Calculate t(42).
114
Let u(m) = 466*m + 1871. Calculate u(-4).
7
Let v(r) = -280*r - 4215. Determine v(-15).
-15
Let o(p) = p**3 + 94*p**2 + 95*p + 187. What is o(-93)?
1
Let i(c) = 1377*c + 13764. Give i(-10).
-6
Let r(j) = -94*j**2 - 15*j + 53. What is r(3)?
-838
Let c(l) = 9*l**2 + 9*l - 1. Give c(0).
-1
Let h(d) = -5*d**2 + 56*d - 5. Determine h(7).
142
Let n(w) = -2*w**3 + 40*w**2 + 129*w + 252. What is n(23)?
45
Let t(o) = o**2 - 2*o - 62. Calculate t(8).
-14
Let k(j) = j**3 - 3*j**2 - 10*j + 2. Determine k(-4).
-70
Let l(w) = -16*w + 107. Determine l(8).
-21
Let f(r) = -137*r + 65. Calculate f(3).
-346
Let h(r) = r**3 + 37*r**2 - 4*r - 118. Calculate h(-37).
30
Let g(m) = m**3 + m**2 + 4*m - 66. Calculate g(-6).
-270
Let u(i) = 5*i**2 - 12*i + 24. Calculate u(-9).
537
Let j(h) = 248*h + 10148. Determine j(-41).
-20
Let q(p) = 4448*p - 22244. What is q(5)?
-4
Let i(h) = 20*h - 81. What is i(-4)?
-161
Let o(s) = -s**3 + s**2 + 13*s - 3. Determine o(-3).
-6
Let z(s) = -s**2 - 51*s + 4619. Determine z(47).
13
Let p(u) = 2*u**3 - 21*u**2 - 263*u + 2771. Give p(11).
-1
Let a(y) = 402*y + 4468. Calculate a(-11).
46
Let j(w) = -w**3 + 67*w**2 + 66*w + 138. What is j(68)?
2
Let m(j) = 8*j**2 - 134*j + 29. Calculate m(17).
63
Let g(w) = -43*w + 282. Determine g(8).
-62
Let s(d) = -14*d**2 - 70*d - 116. Give s(-4).
-60
Let y(n) = 2*n**2 - 89*n - 8559. Determine y(-47).
42
Let z(i) = -i**3 + 11*i**2 - 10*i - 12. Give z(10).
-12
Let a(z) = -28*z + 32. What is a(-4)?
144
Let i(o) = -13*o**2 + 196*o - 27. Determine i(15).
-12
Let i(f) = -3*f**2 - 36*f + 19. What is i(-12)?
19
Let s(u) = u**3 - 31*u**2 - 95*u + 23. Give s(-3).
2
Let p(y) = y**2 - 548*y + 73989. Determine p(241).
2
Let j(x) = -5*x**3 - x**2 + 10*x - 5. What is j(4)?
-301
Let l(v) = v**3 - 9*v**2 - 19*v - 4. Give l(11).
29
Let o(z) = 433*z - 437. Give o(1).
-4
Let p(y) = -2*y**3 - 42*y**2 - 8*y + 11. What is p(-21)?
179
Let o(q) = -q**2 - 42*q + 446. Calculate o(9).
-13
Let c(u) = 105*u + 2218. Determine c(-21).
13
Let g(w) = w**3 - w + 40. Calculate g(0).
40
Let t(l) = l**2 - 88*l - 1777. Determine t(105).
8
Let h(o) = o**3 - 41*o**2 + 160*o + 14. Give h(37).
458
Let c(b) = b**2 - 204*b + 4697. Give c(27).
-82
Let j(y) = -80*y + 1589. Calculate j(20).
-11
Let p(d) = d**3 - 5*d**2 + 104*d - 498. Calculate p(5).
22
Let h(g) = 58*g - 348. Calculate h(6).
0
Let b(m) = -2*m**2 - 276*m + 7413. What is b(23)?
7
Let y(g) = -3*g**3 + 52*g**2 - 63*g + 30. What is y(16)?
46
Let c(t) = 330*t + 63. Give c(-1).
-267
Let j(m) = -m**3 + 22*m**2 - 31*m - 148. What is j(4)?
16
Let l(g) = 266*